77
Let d = -4 + 9. Suppose -10*z + 14*z = -n + 20, 5*z - 8 = 3*n. Suppose -9*a + d*a - z = 0. Let t(r) = -12*r - 1. What is t(a)?
11
Let d(j) = 10*j**2 - 8*j + 3. Let k be d(1). Let u(n) = 8*n**3 - 60 - 9*n**3 + 4*n**2 + 59 + k*n. Determine u(5).
-1
Let o(t) = t**3 - 9*t**2 - t + 7. Suppose -w + 3*u - 25 = 1, 0 = 5*u + 20. Suppose 0 = 10*a - 5*a + 145. Let m = a - w. Determine o(m).
-2
Let q(d) = d**2 - 6*d. Suppose -p + 6*t - 4*t - 10 = 0, -3*t + 15 = -3*p. Suppose 4*o - 41 + 29 = p. Let k(f) = 2*f. Let x be k(o). What is q(x)?
0
Let y(n) = n**2 - 6*n + 20. Suppose -5*p = -q - 2*q - 52, 3*p - 3*q - 30 = 0. Determine y(p).
75
Let i(t) = 0*t + 0*t + 2*t**2 - 8*t - 6. Let z(f) = -4743*f + 9493. Let u be z(2). Give i(u).
36
Let k(p) = 4*p + 27. Let t be k(-9). Let u(x) = 52*x - 6. Let h(g) = 121*g - 13. Let b(q) = 3*h(q) - 7*u(q). What is b(t)?
12
Let b = -334 - -338. Let d(w) = -3*w - 1. Let m(u) = u + 1. Let n(r) = b*m(r) + d(r). Give n(-5).
-2
Let y = -313 - -322. Suppose -y*d - 3 = -12*d. Let v(i) = 6*i**3 - 2*i**3 - i**2 + 0*i**3. Calculate v(d).
3
Let x be ((-64)/(-24) - 2) + 16/(-24). Let j(f) = 3*f - 30. Let n(a) = -a - 1. Let z(q) = j(q) + 2*n(q). Determine z(x).
-32
Let b(k) = -5*k**2 - k + 11. Suppose 33*x = 29*x + 12. Let d(r) = 4*r**2 - 10. Let q(a) = x*b(a) + 4*d(a). Let z = 12 - 7. Give q(z).
3
Let x(m) = -m**2 + m. Let p(z) = 5*z - 92. Let s = -145 + 163. Let o be p(s). What is x(o)?
-6
Let j(n) = n**2 + 9*n - 1. Let x = -186 - -191. Let l be -5 + -2 - (-4 + x). What is j(l)?
-9
Let b(u) = 1 - 3 - 3*u**3 - 52*u + 50*u - 3*u**2. Let w(i) = -7*i**3 - 7*i**2 - 6*i - 5. Let q(p) = -5*b(p) + 2*w(p). Calculate q(2).
8
Let g = 358 + -358. Let w(h) = -h + 2190 + g*h - 2201. Let n be ((-8)/5)/(1/5). Calculate w(n).
-3
Let a(d) = -7*d**2 - 6*d - 13. Let h(j) = 5*j**2 + 7*j + 12. Let l(v) = -2*a(v) - 3*h(v). Let y(x) = -x**2 - x + 1. Let f(c) = -l(c) + 2*y(c). Determine f(8).
4
Suppose -304 = -4*u + 56. Suppose -14*y - u = 22. Let p(s) = 3*s - s + 5 - s. Calculate p(y).
-3
Let f(m) = m - 4*m**2 - m**3 + 3*m**2 - 11*m**3. Let p(b) = -54*b**2 + 41*b - 13. Let k be p(-4). Let u = 1042 + k. Calculate f(u).
-12
Let w be ((-2)/12)/(945/(-756)) + -3 + 3. Let g(b) be the third derivative of 0*b + 37*b**2 + 1/120*b**6 - 3/2*b**3 - w*b**5 + 1/12*b**4 + 0. Give g(8).
7
Let p be 1/(7 - 288/42). Suppose -3*q - 9 = -5*c, -4*q + 6*c - c = p. Let i(b) be the third derivative of 5*b**4/12 - b**3/6 - b**2. What is i(q)?
19
Let b(k) = 5*k**3 - 11*k**2 + 6*k - 2. Let y(w) = -4*w**3 + 9*w**2 - 5*w + 2. Let o(h) = -5*b(h) - 6*y(h). Let u be 182/35*-5*1. Let d = 28 + u. What is o(d)?
-6
Let f(r) = -2*r**2 - r + 3. Suppose x - 615 = -5*g - 3*x, -369 = -3*g + 4*x. Let u = 120 - g. Determine f(u).
-12
Let s(u) = 10*u + 4. Let v be 3/(-9 - -6) + 7. Suppose -v*o + 8 + 16 = 0. Calculate s(o).
44
Let g(h) = -276*h + 58. Let m(b) = -125*b + 30. Let z(j) = 4*g(j) - 9*m(j). What is z(1)?
-17
Let m(l) = -l**2 + 4*l + 6. Let v be m(5). Suppose -2*p - 2*s = -5*s, 0 = 5*p - 3*s - 9. Let r(j) = -5*j - v + 3*j - 2*j + p*j. What is r(8)?
-9
Let f(z) be the first derivative of z**3/3 - 11*z**2/2 + 4*z - 2046. What is f(3)?
-20
Let a(q) be the third derivative of q**4/4 - q**3/2 - 9*q**2 + 5*q. Let y = -54 - -49. Determine a(y).
-33
Let u(m) = m**3 + 9*m**2 + 11. Let o(l) = l**2 - 8*l - 90. Let c be o(15). Suppose c*f - 17*f = -2, -37 = 4*g - f. Calculate u(g).
11
Let u(d) = 7*d**3 - 50*d**2 + 6*d + 13. Suppose -6*b - 159 = -201. Give u(b).
6
Let q(j) = -j**3 - 26*j**2 + 27*j - 34. Let z = 3802 - 3829. Give q(z).
-34
Let h(q) = 4*q - 136. Let s be h(35). Let g be (s - -1) + -34 + 38. Let i(o) = o**3 - 9*o**2 - 3. Give i(g).
-3
Let m(o) = 3 + 2 - 6*o - 4. Let d = 150119 + -150120. Determine m(d).
7
Let y(z) = -z + 209 - 114 - 106. Let v be (1 - 1 - 1)*0. Suppose v = -3*i - 2*i. Determine y(i).
-11
Let q(m) be the first derivative of m**3/3 - 7*m**2/2 - 2*m - 53. Let h(t) = -2*t + 16. Suppose d - 30 = -5*d. Let o be h(d). What is q(o)?
-8
Let k(o) = 10*o + 78. Let m be k(-7). Suppose m*p + 312 = -18*p. Let l(c) = -c**3 - 11*c**2 + 12*c - 2. Determine l(p).
-2
Let l = -60994 - -60994. Let v(w) = w + 0 - 5 + w**3 - 20. Give v(l).
-25
Let r(z) = -24*z - 8272*z**3 + 27*z + 4*z**2 + 8275*z**3. What is r(-1)?
-2
Suppose 3*n - 300 = 13*n. Let p be (1/(-2) - -1)/(5/n). Let s(d) be the first derivative of -d**2/2 + d + 1. Calculate s(p).
4
Let c(f) = f**3 + 2*f**2 - 3*f - 2. Suppose -1 = 2*n - 11. Let r be (5 + 1)*14/6. Suppose 2*q + 1 = -3*u, -r = 5*q + u - n*u. Give c(q).
4
Let s(r) = 2*r**3 - r**2 - 10*r + 10. Let k(x) = x**3 - 3*x + 3. Suppose -i - 2 = 0, 0 = 4*q - 2*i - 0*i + 4. Let n(t) = q*s(t) + 7*k(t). Calculate n(-2).
-13
Let d(n) = -n**2 - 6. Let v = -7229 + 7232. Determine d(v).
-15
Let s(m) = -8608*m**2 - 1 + m**3 + 8618*m**2 + 88*m - 104*m. What is s(-11)?
54
Let f(v) = 7*v**2 + 2*v - 1. Let i(a) = -19*a + 228. Let z be i(13). Let m(u) = -u**2 - 25*u - 116. Let h be m(z). What is f(h)?
23
Let x = -195 - -197. Suppose -5*j - 10*s = -9*s - 22, x*s = 4*j - 26. Let q(h) = -h**2 + 3*h + 6. Give q(j).
-4
Suppose -276*d - 737*d + 267*d - 2984 = 0. Let t(i) = -3*i + 12 - 3*i**2 + 6*i + 5. Let s(h) = -2*h**2 + h + 9. Let a(l) = 5*s(l) - 3*t(l). Calculate a(d).
-6
Let h be (-3)/(5/((-5)/(-1))). Let v(j) = -3*j**2 - 7*j - 3. Give v(h).
-9
Let r(u) = 844*u + 849*u + 844*u - 2538*u. Calculate r(-21).
21
Let g(s) = 82*s + 1563. Let n be g(-19). Let v(x) = x + 26. What is v(n)?
31
Let k = -3218 + 3200. Let r(d) = d**2 + 15*d - 56. What is r(k)?
-2
Let s(x) be the first derivative of 2*x**3 + 16 - 1/2*x**2 + 4*x - 1/4*x**4. Calculate s(6).
-2
Suppose 0 = 344*a - 347*a - 6, -26 = -4*m + 3*a. Let x(j) = -1. Let g(n) = n + 1. Let i(z) = g(z) + x(z). What is i(m)?
5
Let m(g) be the second derivative of -g**5/20 + 5*g**4/6 + 2*g**2 - 5*g + 3. Let y = 560 - 550. Give m(y).
4
Let a = -9 - 1. Let s be 2/(-3)*(a - -1). Let t(p) = 0 - 18*p + 4 + 46*p + 8 - 27*p - 15. What is t(s)?
3
Let l(t) = 16*t**2 - 3*t - 1. Let q be (11/66*-15)/((-17)/6 - -2). Give l(q).
134
Let y be 10/(-6)*(23 + -17). Let g(m) = -m - 3. What is g(y)?
7
Let o(p) = -5*p + 4*p + 4*p. Let y = 6 + -4. Suppose -7 = -5*t - 4*a, a = -t + 3 - y. What is o(t)?
9
Suppose u = -4*u + 30. Suppose 0 = -h - h + u. Suppose 9 = 5*q - 1, q + 4 = -h*w. Let d(a) = -7*a. Calculate d(w).
14
Let x(w) be the first derivative of -w**4/4 - 4*w**3 + 11*w**2/2 - 10*w - 726. Give x(-13).
16
Let r = 468 - 300. Let n = -169 + r. Let p(f) = 11*f**2. Determine p(n).
11
Suppose -2*d + 2918 = 2906, -3*i - 2*d + 15 = 0. Let l(b) be the first derivative of 6*b**2 - b + 1. What is l(i)?
11
Suppose 2*d + 2*r + 328 = r, 3*d = 2*r - 506. Let q = -172 - d. Let n(f) = -f**3 - 6*f**2 - 5. Calculate n(q).
-5
Suppose 783 = 70*a - 97*a. Let d(y) = y**3 + 31*y**2 + 57*y - 32. Let z be d(a). Let x(l) = 2*l - 1. Determine x(z).
-7
Let y(d) = d**3 + 17*d**2 + 25*d - 72. Let b be y(-15). Suppose 3*p + 4*z = 7, -5*p - 4*z + 3*z + 6 = 0. Let u(h) = -7*h + h + 0*h + 3*h - p. Give u(b).
-10
Let o(a) = 7*a**3 - 3*a**2 - 25*a - 75. Let j(w) = -11*w**3 + 4*w**2 + 38*w + 119. Let s(c) = -5*j(c) - 8*o(c). Determine s(6).
-7
Let c(z) be the first derivative of -z**2 + 2*z + 344. Suppose -163*i + 2 = -164*i. Calculate c(i).
6
Let c(g) = g**3 + 4*g**2 + 3*g + 4. Let d(f) = f**3 + 2*f**2 - 4*f - 5. Let y be d(-2). Suppose -y*k + 2*w = 1, 9 = -5*k - w - 10. What is c(k)?
4
Let z(k) be the third derivative of -k**5/60 + k**4/3 - 7*k**3/6 - k**2. Let w be 153*(-8)/(-28) + (-30)/(-105). Suppose w*t + 90 = 59*t. Calculate z(t).
5
Let n = -3600 - -3596. Let m(y) = 4*y + 1 - 4 + 1 + 7 - y**2. What is m(n)?
-27
Let j(g) = g**2 - 5*g - 5. Let b = 16 - 12. Let v(w) = 3*w**3 - 14*w**2 + 6*w - 9. Let u be v(b). Let z = u - -24. Calculate j(z).
9
Let w = -85 + 89. Let n(f) = -5*f**2 + f - 6. Let v(a) = 4*a**2 - a + 4. Let k(c) = w*v(c) + 3*n(c). What is k(-1)?
0
Let s(f) = -12 + 18 - 12 + 1 - 16*f - f**2 - 34. Calculate s(-11).
16
Let f be (2 - 4) + (-1 - -6). Let i(g) be the third derivative of 0 - 1/3*g**f + 0*g**4 + 1/120*g**6 + 40*g**2 + 0*g + 1/15*g**5. Give i(-4).
-2
Let y be (-49)/(-196) + ((-13)/4 - 0). Let a(j) = 10*j - 6. Calculate a(y).
-36
Let t(l) = -6*l**2 + 11*l + 24. Let s(f) = f**2 - 2*f